2.
2, 3, 19, 2897
What are the prime factors of 23428254?
2, 3, 19, 151, 1361
What are the prime factors of 537092?
2, 19, 37, 191
What are the prime factors of 54798?
2, 3, 9133
What are the prime factors of 302546?
2, 151273
What are the prime factors of 1955043?
3, 19, 37, 103
List the prime factors of 538275.
3, 5, 7177
List the prime factors of 8166396.
2, 3, 7, 191, 509
What are the prime factors of 256773?
3, 11, 31, 251
What are the prime factors of 299076?
2, 3, 24923
What are the prime factors of 356770?
2, 5, 35677
What are the prime factors of 527975?
5, 7, 431
List the prime factors of 251201.
251201
List the prime factors of 679820.
2, 5, 19, 1789
List the prime factors of 10078965.
3, 5, 13, 5743
List the prime factors of 10255775.
5, 410231
List the prime factors of 106229.
19, 5591
What are the prime factors of 433124?
2, 19, 41, 139
List the prime factors of 6887851.
6887851
What are the prime factors of 1137186?
2, 3, 21059
List the prime factors of 280204.
2, 70051
List the prime factors of 2027861.
11, 184351
List the prime factors of 472786.
2, 37, 6389
List the prime factors of 1581463.
13, 239, 509
List the prime factors of 74317.
74317
List the prime factors of 2263590.
2, 3, 5, 7, 3593
List the prime factors of 283261.
11, 2341
List the prime factors of 1858471.
1319, 1409
What are the prime factors of 2826332?
2, 23, 31, 991
List the prime factors of 13976231.
29, 481939
List the prime factors of 1965937.
1965937
List the prime factors of 656053.
31, 21163
What are the prime factors of 3994360?
2, 5, 99859
What are the prime factors of 161665?
5, 7, 31, 149
What are the prime factors of 1787315?
5, 179, 1997
List the prime factors of 4870376.
2, 7, 29, 2999
What are the prime factors of 5187235?
5, 1037447
What are the prime factors of 882587?
882587
What are the prime factors of 72213?
3, 24071
List the prime factors of 236619.
3, 61, 431
List the prime factors of 394160.
2, 5, 13, 379
What are the prime factors of 1112531?
7, 17, 9349
List the prime factors of 252482.
2, 126241
What are the prime factors of 947520?
2, 3, 5, 7, 47
What are the prime factors of 3045766?
2, 37, 79, 521
What are the prime factors of 7405377?
3, 7, 352637
What are the prime factors of 156797?
156797
List the prime factors of 52415.
5, 11, 953
What are the prime factors of 5217243?
3, 613, 2837
What are the prime factors of 7857810?
2, 3, 5, 89, 109
List the prime factors of 5152129.
2153, 2393
What are the prime factors of 553891?
13, 137, 311
What are the prime factors of 704123?
7, 17, 61, 97
What are the prime factors of 1464353?
11, 239, 557
List the prime factors of 186081.
3, 7, 8861
List the prime factors of 27431.
27431
List the prime factors of 10818854.
2, 5409427
What are the prime factors of 119601?
3, 97, 137
What are the prime factors of 1223449?
1223449
List the prime factors of 134224.
2, 8389
List the prime factors of 11664425.
5, 113, 4129
List the prime factors of 1692499.
1692499
List the prime factors of 7816104.
2, 3, 108557
What are the prime factors of 5937638?
2, 7, 424117
List the prime factors of 398650.
2, 5, 7, 17, 67
List the prime factors of 22617931.
7, 271, 11923
What are the prime factors of 275322?
2, 3, 45887
What are the prime factors of 173419?
37, 43, 109
List the prime factors of 130311.
3, 14479
What are the prime factors of 8332494?
2, 3, 97, 103, 139
What are the prime factors of 160901?
13, 12377
What are the prime factors of 816032?
2, 7, 3643
List the prime factors of 255615.
3, 5, 17041
What are the prime factors of 1783678?
2, 13, 31, 2213
List the prime factors of 115326.
2, 3, 43, 149
What are the prime factors of 238793?
31, 7703
What are the prime factors of 210069?
3, 17, 1373
What are the prime factors of 143663?
13, 43, 257
List the prime factors of 905894.
2, 11, 41177
What are the prime factors of 5957397?
3, 71, 9323
What are the prime factors of 250129?
11, 22739
List the prime factors of 90753.
3, 13, 179
What are the prime factors of 94550?
2, 5, 31, 61
What are the prime factors of 1407275?
5, 181, 311
List the prime factors of 7900673.
11, 29, 24767
What are the prime factors of 2802166?
2, 1401083
List the prime factors of 1457408.
2, 5693
List the prime factors of 526614.
2, 3, 11, 79, 101
List the prime factors of 146070.
2, 3, 5, 541
What are the prime factors of 15895452?
2, 3, 1324621
What are the prime factors of 58166?
2, 127, 229
List the prime factors of 426215.
5, 85243
List the prime factors of 6207072.
2, 3, 19, 41, 83
What are the prime factors of 238346?
2, 119173
List the prime factors of 1021193.
19, 71, 757
What are the prime factors of 155225?
5, 7, 887
What are the prime factors of 572639?
572639
What are the prime factors of 916936?
2, 114617
What are the prime factors of 218456?
2, 7, 47, 83
List the prime factors of 86107.
7, 12301
What are the prime factors of 28512511?
28512511
List the prime factors of 5428054.
2, 2714027
What are the prime factors of 447131?
191, 2341
List the prime factors of 1988477.
59, 33703
List the prime factors of 41701.
11, 17, 223
List the prime factors of 1484205.
3, 5, 98947
What are the prime factors of 10461551?
10461551
What are the prime factors of 773102?
2, 11, 35141
What are the prime factors of 18633722?
2, 433, 21517
What are the prime factors of 239091?
3, 79697
What are the prime factors of 16844353?
16844353
What are the prime factors of 1153025?
5, 17, 2713
List the prime factors of 9503699.
271, 35069
List the prime factors of 1467145.
5, 139, 2111
What are the prime factors of 4428394?
2, 263, 8419
What are the prime factors of 22287318?
2, 3, 3714553
List the prime factors of 50865.
3, 5, 3391
What are the prime factors of 7949161?
11, 29, 24919
What are the prime factors of 3539249?
7, 505607
What are the prime factors of 331957?
331957
List the prime factors of 1702151.
11, 271, 571
What are the prime factors of 197854?
2, 98927
List the prime factors of 2836686.
2, 3, 31, 101, 151
What are the prime factors of 744031?
31, 24001
List the prime factors of 271747.
7, 38821
List the prime factors of 8902254.
2, 3, 17, 87277
List the prime factors of 25995255.
3, 5, 11, 13, 12119
List the prime factors of 1804089.
3, 7, 85909
What are the prime factors of 319029?
3, 19, 29, 193
List the prime factors of 50208.
2, 3, 523
List the prime factors of 3349143.
3, 7, 53161
List the prime factors of 217587.
3, 29, 41, 61
What are the prime factors of 297484?
2, 11, 6761
List the prime factors of 2234187.
3, 248243
List the prime factors of 25840970.
2, 5, 2584097
What are the prime factors of 15472868?
2, 59, 65563
List the prime factors of 545080.
2, 5, 13627
List the prime factors of 199710.
2, 3, 5, 7, 317
List the prime factors of 1390421.
1390421
List the prime factors of 847181.
59, 83, 173
List the prime factors of 3450576.
2, 3, 71887
List the prime factors of 5612885.
5, 19, 59083
What are the prime factors of 114327?
3, 12703
List the prime factors of 3558113.
13, 59, 4639
List the prime factors of 508496.
2, 61, 521
What are the prime factors of 14628960?
2, 3, 5, 10159
List the prime factors of 792404.
2, 17, 43, 271
List the prime factors of 561974.
2, 7, 137, 293
List the prime factors of 35099890.
2, 5, 7, 501427
List the prime factors of 10825531.
10825531
List the prime factors of 4515356.
2, 307, 3677
What are the prime factors of 8858076?
2, 3, 738173
What are the prime factors of 14060092?
2, 73, 179, 269
What are the prime factors of 276829?
7, 71, 557
List the prime factors of 12993987.
3, 223, 19423
List the prime factors of 50623.
23, 31, 71
List the prime factors of 1212770.
2, 5, 13, 19, 491
What are the prime factors of 6401843?
7, 17, 23, 2339
What are the prime factors of 3801544?
2, 43, 257
List the prime factors of 10584482.
2, 19, 59, 4721
What are the prime factors of 3679971?
3, 83, 14779
What are the prime factors of 128234?
2, 97, 661
What are the prime factors of 14908781?
14908781
List the prime factors of 26544014.
2, 7, 1896001
List the prime factors of 188964.
2, 3, 29, 181
List the prime factors of 106862.
2, 7, 17, 449
What are the prime factors of 223603?
31, 7213
What are the prime factors of 32733779?
13, 29, 6679
What are the prime factors of 3243889?
11, 17, 19, 